). Give s(a).
10
Let a(b) = -3*b**3 + 6*b**2 - 7*b - 2. Let q(t) be the first derivative of -t**4/4 + 2*t**3/3 - 3*t**2/2 - t + 115. Let w(r) = -2*a(r) + 5*q(r). What is w(3)?
5
Let s be -8 + 1 - 1*-1. Let h(b) = -b**3 + 2*b**2 - b + 6. Let t be h(0). Let g(a) = -9*a - t + 1 + 1 - a**2 - 4. Determine g(s).
10
Let j(p) be the third derivative of -p**4/24 + p**3/6 - p**2 + 74. What is j(-5)?
6
Let y(s) = -4*s**2 + 2*s + 1. Suppose -7*q + 5*f + 1 = -8*q, f = -5*q - 5. Determine y(q).
-5
Suppose -24*t + 29*t + 2*v = 42, v = -4. Let z(w) = -w**3 + 11*w**2 - 10*w + 2. What is z(t)?
2
Let k(b) = -9 + 20301*b + 4*b**3 - 3*b**3 - 7*b**2 + 20284*b + 20*b**2 - 40558*b. What is k(-10)?
21
Suppose f - 50 = -39. Let u(i) = 14*i**3 - 20 - 4*i + 0*i - 12*i**2 + 6 - i. Let p(j) = 5*j**3 - 4*j**2 - 2*j - 5. Let x(q) = f*p(q) - 4*u(q). What is x(4)?
-7
Let t(r) = 0*r + 42 + 7*r + 114. Give t(-22).
2
Let q(j) be the second derivative of -j**5/20 - j**4/12 - 7*j**2/2 - 15*j. Suppose -4*l = -3*v - 55, -5*v - 11 - 4 = l. Suppose l*o - 5*o = -15*o. What is q(o)?
-7
Let n(l) = -11*l**3 + 59*l**2 - 10*l - 21. Let o(z) = -7*z**3 + 37*z**2 - 7*z - 14. Let p(a) = -5*n(a) + 8*o(a). Determine p(-2).
17
Let n(r) = 2*r**2 - 27*r + 83. Let o be n(9). Suppose -o*a - 16 = 3*g - 80, 0 = -g - 3*a + 33. Let f(l) = -2*l + 30. What is f(g)?
-6
Let k(m) = -61*m**2 + 8*m + 5. Let i(d) = -76*d**2 + 8*d + 5. Let n(x) = 4*i(x) - 5*k(x). What is n(8)?
-5
Suppose 0 = -13*u + u + 84. Let m(a) = -4*a**2 + 7*a**2 + u + 4*a - 2*a**2 - 2*a**2. Calculate m(7).
-14
Let l(k) = -k - 2. Suppose 4*n - 3*h - 104 = h, -2*n = 2*h - 52. Let t be 195/n*(-4)/(-5). Let v be l(t). Let y(a) = a**3 + 7*a**2 - 9*a + 3. Calculate y(v).
11
Suppose q + 3 = -1. Let z(g) = -1. Let v(m) = 2*m + 1. Let f(l) = q*z(l) + v(l). Determine f(8).
21
Let d(t) be the first derivative of -t**4/4 - t**3 + 17*t**2/2 + 20*t + 9607. Calculate d(-6).
26
Let u(m) = 19 + 11*m**2 - m**3 + 22*m + 59 - 29 + 1. Calculate u(13).
-2
Let x be 13 - (-8)/12*6. Let r(c) = -3 + x*c**3 - 3*c**3 - 13*c**3 + 3*c**2 + 8*c + 5*c**2. What is r(-7)?
-10
Let d(f) = 72*f - 1224. Let w be d(17). Let y(u) = -9*u. Let z be y(-2). Suppose -2*o + 6 = 0, m + w*m = 3*o - z. Let b(x) = x**3 + 9*x**2 + 3. Determine b(m).
3
Let u(l) = -127*l + 3428. Let x be u(27). Let d(r) = -34*r**3 - 2*r**2 - 5*r - 3. Calculate d(x).
34
Let u be (24 - 20)/(2 - 0). Let p(v) = -4*v**2 + v + 4. Determine p(u).
-10
Let l(g) = -41377*g + 41393*g + 7 - 12. What is l(-6)?
-101
Let o(r) be the second derivative of -r**5/20 + 4*r**4/3 - 10*r**3/3 + r**2 - 6*r - 57. What is o(15)?
-73
Let r(b) = -3*b**3 + 21*b**2 + 3*b - 16. Let v be r(7). Suppose -v*a - 1324 = -1334. Let h(o) = o**3 - 2*o**2 + 2. Give h(a).
2
Let n = 13 - 7. Let l(v) be the second derivative of 0 - v**2 + 1/6*v**3 + 2*v. Calculate l(n).
4
Let y = -11 + 8. Let w = 582 + -503. Let v(n) = -w*n + 0 - n**2 - 4 + 5*n**2 + 81*n. Calculate v(y).
26
Let x(h) = -h**2 - 2*h. Let r(y) = -13*y**2 + 11*y - 24. Let j be r(3). Let l(u) = 3*u**3 - 6*u**2 + 2*u + 3. Let k be l(4). Let g = j + k. Calculate x(g).
1
Let i(x) = -2*x**2 - 12*x + 4 + 1 - 4 + 5*x**2 + 55*x**3 + 9*x. Calculate i(1).
56
Suppose -19 = 3*m - 2*x, -19*x = -6*m - 14*x - 40. Let n(d) = 25*d + 118. What is n(m)?
-7
Let n(i) be the first derivative of 4*i**2 + 3*i + 2062. Calculate n(-2).
-13
Let f(a) = -4*a - 2. Let s be f(-1). Let d be 243/(-15) + 1 + 1/5. Let k be s/(5 - (-85)/d). Let p(v) = -3*v + 4. What is p(k)?
13
Let u(z) be the first derivative of z**4/4 - 43*z**3/3 + 42*z**2 - 86*z + 1672. Calculate u(41).
-4
Let u = -32 + 72. Let m = u + -40. Let c(n) = 16*n - 12*n + n**2 + m*n**2. What is c(-5)?
5
Suppose 9 + 4 = 3*h + w, w - 4 = 0. Let b(o) = 0*o**3 - 17*o**2 + 2*o**3 - h*o**3 - 4 + 34*o**2 - 2 - 16*o. What is b(16)?
-6
Suppose -51*a + 47*a + 20 = 3*v, -2*a + 5*v - 16 = 0. Let l(m) = 8*m**3 + m**2. What is l(a)?
68
Let c(r) = -270*r + 63. Suppose 2*q = 5*l + 313, -4*q - 154 = 4*l + 102. Let p(u) = -17*u + 4. Let t(m) = l*p(m) + 4*c(m). What is t(4)?
-36
Let i(r) = 3*r**3 - 2*r**2 - 158*r + 6. Let v be i(-7). Let o(j) = -j**3 - 15*j**2 + 7*j + 21. Give o(v).
-84
Let a(j) = -j**2 + 10*j + 3. Let d be a(10). Suppose -q - 2*u = 0, 2*q - 3*q - 1 = d*u. Let r(c) = 13*c - 3. What is r(q)?
23
Let v(t) = -6*t**3 + 2*t**2 + t + 1. Let z(u) = -17*u**3 + 3*u**2 - 53*u - 6. Let k(s) = -3*v(s) + z(s). What is k(9)?
-27
Let c(q) = 2*q**3 + q**2 - q - 1. Suppose -2*t + 9 = -5*p, 4*t + 26*p = 28*p + 58. Let i(f) = f**2 - 16*f - 18. Let g be i(t). Give c(g).
-1
Suppose 5*z = 3*i - 5 + 17, 0 = 5*z - i - 4. Suppose -11*j + 18*j + 35 = z. Let n(f) = 3*f + 5. Let u(c) = 3*c + 5. Let x(q) = -5*n(q) + 4*u(q). Calculate x(j).
10
Let m(r) be the third derivative of r**5/60 - 3*r**4/8 + 11*r**3/6 - 430*r**2. Give m(9).
11
Let c(m) be the third derivative of -m**6/120 - 7*m**5/60 + 5*m**3/6 - m**2. Suppose -6*x - 13 = 11. Let k be 63/(-9) + 0*x/16. Calculate c(k).
5
Let c(h) = 12*h**2 + 17*h + 15. Let r = 385 - 388. Let f(l) = -7*l**2 - 9*l - 8. Let g(i) = r*c(i) - 5*f(i). Determine g(-4).
3
Let d(z) = -114*z + 365*z - 1 + z**3 - 1 - 120*z - 12*z**2 - 118*z. Give d(11).
20
Let t(b) = -b**3 + 12*b**2 + 16*b - 35. Let k be (2/14)/((-338)/(-30758)). Determine t(k).
4
Let f(q) = 4*q + 5. Let l be f(-2). Let n be (2/l)/((-12)/36). Let r(t) = 0*t**2 + 5*t**n + 43*t - t**3 - 36*t. Give r(6).
6
Let t(r) be the third derivative of -r**4/24 - 14*r**3/3 - 135*r**2 + 7*r. Give t(-27).
-1
Let p(n) = -506*n + 169*n + 180*n + n**2 - 4 + 0*n**2 + 168*n. Determine p(-8).
-28
Let b(f) = f**3 + f**2 - f - 1. Let s(k) = -k**3 + 4*k**2 + 10*k + 7. Let u(g) = -2*b(g) - s(g). Let c = -7 + 5. Let r be (2/c)/((-8)/(-40)). Calculate u(r).
10
Let x(c) = c**3 + 6*c**2 - 4*c - 13. Let z = 219 + -225. Determine x(z).
11
Let x(v) = 5*v**3 + 5*v**2 - 11. Let i(q) = q**3 + q**2 - 1. Let r(g) = 4*i(g) - x(g). Determine r(3).
-29
Let u be (-2052)/(-266) - 2/(-7). Suppose 2 + 14 = -u*v. Let k(l) = 3*l**3 + l**2 - l - 2. Determine k(v).
-20
Suppose -c + 4*u + 1 + 11 = 0, 4*c = -5*u + 6. Let r = -663 + 671. Let t(l) = -3*l - 3*l**2 + r*l**2 + 0*l - 4*l**2 - 5*l. Give t(c).
-16
Let i(n) = 41*n**3 + 3*n**2 - 24*n**3 - 10292 + 10302 - 19*n**3 - 5*n. Determine i(2).
-4
Let m = 33 + -30. Suppose -u - m*u = -16. Let r(i) = i + i + u*i - 1. Determine r(1).
5
Let j(b) = b**3 - 7*b**2 - 7*b - 7. Let p be (-17*1)/((-1)/(-3)). Let f be ((-12)/1)/(p/34). Calculate j(f).
1
Let y be (-52)/(-39) + (-2)/(-3). Let a(i) be the second derivative of i**4/12 + 13*i. Let k(h) = h**2. Let v(q) = -4*a(q) + 3*k(q). Determine v(y).
-4
Let s = -18599 - -18597. Let t(r) = -4*r**3 - 2*r**2 - r. Calculate t(s).
26
Let u(o) = 0 + 10 + 17*o - 21*o + 0*o. Let l = 17 + -14. Let c = l + 4. Calculate u(c).
-18
Let s(j) = -7*j**2 + 8*j + 15. Let a(v) = 0*v + 11 - 4 - 3*v**2 + 4*v. Let g(f) = -f**2 + 5*f + 4. Let r be g(0). Let c(x) = r*s(x) - 9*a(x). Determine c(-4).
-3
Let f(m) = 58*m + 47 - 29 - 29 - 41*m. Give f(-7).
-130
Let a(r) = r**3 + 6*r**2 - 5*r + 10. Let s(b) = 92*b**3 - 10*b - 9. Let p be s(-1). Let u = p + 84. Determine a(u).
-4
Let i be 1*-3 + 78 + 0. Let q(l) = 7*l + 72*l**2 - 148*l**2 + i*l**2 - 10. What is q(7)?
-10
Let k(h) = h**3 - 8*h**2 + 7*h - 3. Let x be (-4 - -17)/(((-20)/8)/(-5)). Suppose -3*q + 4 = -x. Suppose -3*f + 31 = q. Determine k(f).
-3
Let z(l) = -l + 2. Let s(b) = -4*b + 8. Let v(j) = 2*j**2 + 25*j + 47. Let c be v(-2). Let f(i) = c*z(i) - s(i). Calculate f(9).
-7
Let s(z) = z**3 - 4*z**2 + z - 1. Let l(t) = t**3 - 16*t**2 - 8*t - 15. Let x be 6 - 0 - 25/(400/128). Let i(o) = x*s(o) + l(o). Determine i(-7).
8
Let b be (-6)/(-12)*((-1 - -17) + -4). Suppose -71 + 125 = b*x. Let n(d) = d**3 - 9*d**2 + 4. Give n(x).
4
Let q(j) = j + 1. Let k(n) = 7*n + 17. Let r(d) = -2*d**2 + 28*d + 6. Let l be r(14). Suppose -2 - 3 = 5*o. Let b(i) = l*q(i) + o*k(i). Calculate b(0).
-11
Let v be 0 + (-6)/(-4) - 123/82. Let a be (v - -3)*(-120)/(-45). Suppose -15 - 1 = -a*o. Let f(m) = -5*m + 3. Give f(o).
-7
Let a(w) = 30*w**2 + w. Suppose 5*c - 3*x = 29, -3*c - 3*x = -5*c + 17. Suppose 0*g = 5*g - b + 10, -3*b + 11 = c*g. Give a(g).
29
Let r(y) = y**3 + 4*y**2 - 2*y + 4. Let q = -493 - -115. Let d = q + 373. Calculate r(d).
-11
Let f = -4